on divisor of 660 and 221552430.
330
What is the greatest common divisor of 7552430 and 70?
10
Calculate the greatest common factor of 141 and 261843.
3
Calculate the highest common factor of 6726380 and 19.
19
What is the greatest common divisor of 4550418 and 1023688?
6242
What is the greatest common divisor of 8465413 and 9790?
979
What is the highest common factor of 10879139 and 1844?
461
Calculate the highest common divisor of 21267631 and 1463.
1463
Calculate the highest common divisor of 175421 and 2761237.
263
What is the highest common divisor of 44410 and 43820?
10
Calculate the highest common factor of 2530 and 1354038290.
2530
Calculate the highest common factor of 580 and 165285.
5
What is the greatest common divisor of 152267940 and 583?
583
What is the greatest common factor of 882 and 21541576?
98
Calculate the greatest common divisor of 781 and 1907248079.
781
What is the greatest common divisor of 35627835 and 123845?
2635
Calculate the highest common factor of 312679040 and 100.
20
Calculate the greatest common divisor of 78702390 and 30.
30
What is the highest common divisor of 335 and 42935?
5
Calculate the greatest common factor of 284000 and 11502.
142
Calculate the greatest common factor of 1287 and 51399933.
39
Calculate the highest common factor of 148166242 and 21.
7
What is the greatest common divisor of 136191750 and 5125?
5125
Calculate the greatest common divisor of 18681 and 7318641.
1437
What is the highest common factor of 1084201 and 2386907?
2081
What is the greatest common divisor of 8 and 43547032?
8
What is the highest common factor of 42051404 and 22304?
2788
What is the greatest common factor of 14164 and 16?
4
What is the greatest common factor of 1407 and 71611074?
201
What is the highest common divisor of 20295 and 65505?
165
Calculate the greatest common divisor of 6426542 and 257.
257
Calculate the greatest common factor of 167717120 and 8320.
640
Calculate the highest common divisor of 4214240 and 140.
20
Calculate the highest common divisor of 30452 and 59156.
92
What is the greatest common divisor of 44850 and 659728550?
14950
What is the greatest common divisor of 2259621 and 5208?
651
Calculate the greatest common divisor of 455980 and 8540.
140
What is the highest common factor of 13 and 40247558?
13
What is the highest common divisor of 991120 and 13?
13
Calculate the highest common divisor of 844 and 30883648.
844
What is the greatest common factor of 3814896 and 115197?
2679
Calculate the greatest common factor of 194088 and 136920997.
8087
What is the greatest common factor of 848900 and 27157?
13
What is the greatest common factor of 72986238 and 39?
39
What is the greatest common divisor of 2840 and 146686000?
2840
Calculate the greatest common factor of 5010 and 58920.
30
Calculate the greatest common factor of 85347 and 7001615.
3161
What is the greatest common factor of 68094992 and 308?
28
Calculate the highest common factor of 29735256 and 35600.
712
What is the greatest common divisor of 222 and 315846?
6
What is the highest common divisor of 9090405 and 117?
9
What is the highest common divisor of 6 and 16762318?
2
Calculate the highest common factor of 34560265 and 42395.
695
Calculate the highest common factor of 393120 and 43784.
104
Calculate the greatest common divisor of 9171668 and 1298.
1298
What is the highest common factor of 1339021866 and 2392?
598
What is the highest common factor of 1391 and 88703?
107
What is the highest common factor of 6258 and 239014923?
3129
Calculate the highest common divisor of 37692 and 6238724.
1396
Calculate the greatest common divisor of 132957 and 7062837.
4029
Calculate the greatest common divisor of 12782 and 261866.
22
What is the highest common divisor of 408 and 135762?
102
What is the greatest common divisor of 19608 and 3576?
24
What is the highest common factor of 369162 and 21654?
18
What is the highest common divisor of 227539 and 19297?
23
Calculate the highest common factor of 236 and 165560372.
236
What is the greatest common divisor of 6598584 and 40?
8
Calculate the greatest common factor of 825 and 7005.
15
What is the greatest common divisor of 289 and 269149457?
289
Calculate the greatest common divisor of 211 and 181697797.
211
Calculate the greatest common factor of 440606837 and 69.
23
What is the highest common divisor of 27520 and 19233040?
3440
Calculate the highest common divisor of 2252 and 19779316.
2252
Calculate the highest common factor of 509 and 80085042.
509
What is the greatest common divisor of 298110 and 17670?
570
Calculate the highest common factor of 28040712 and 378.
42
Calculate the greatest common divisor of 287 and 24513859.
41
Calculate the highest common divisor of 686807 and 13717.
319
What is the highest common divisor of 400 and 6770512?
16
What is the greatest common divisor of 14 and 2299670114?
14
Calculate the greatest common divisor of 32015480 and 97664.
6104
What is the highest common factor of 2165 and 16570?
5
What is the greatest common divisor of 256 and 35650640?
16
What is the greatest common divisor of 47355 and 676060?
385
Calculate the greatest common divisor of 26748 and 327883671.
6687
What is the greatest common factor of 1942 and 82300018?
1942
What is the greatest common factor of 60350 and 8828850?
3550
Calculate the greatest common divisor of 144572 and 40232.
188
What is the highest common factor of 417219 and 1990869?
807
What is the greatest common divisor of 28328 and 3232?
8
Calculate the highest common factor of 221 and 8647145.
13
What is the greatest common factor of 336 and 18661776?
336
Calculate the highest common factor of 206986 and 40274.
26
What is the greatest common divisor of 460 and 2793442?
46
Calculate the highest common divisor of 15 and 68800632.
3
What is the greatest common factor of 999 and 622451?
37
Calculate the greatest common factor of 1854716224 and 3904.
3904
Calculate the highest common factor of 274872 and 9984.
312
Calculate the greatest common factor of 164372 and 84448.
1508
What is the highest common divisor of 74 and 1302028?
2
What is the greatest common divisor of 89204870 and 30?
10
Calculate the greatest common divisor of 4716 and 5531481.
9
Calculate the highest common factor of 30230 and 11689941.
3023
Calculate the greatest common factor of 1005954 and 1333083.
1293
What is the greatest common divisor of 56832 and 10509184?
4736
What is the greatest common divisor of 132 and 13792196?
44
Calculate the highest common divisor of 2860 and 317980.
260
Calculate the highest common divisor of 15537097 and 8332.
2083
Calculate the highest common divisor of 481483 and 47891.
83
What is the highest common divisor of 888720 and 618401?
3703
What is the greatest common factor of 123938682 and 558?
186
Calculate the highest common divisor of 4696 and 135976202.
1174
Calculate the highest common factor of 1118579 and 161.
7
Calculate the highest common divisor of 545042638 and 322.
322
What is the greatest common factor of 9217 and 55133?
13
Calculate the highest common factor of 192 and 77571.
3
What is the greatest common divisor of 299606383 and 38?
19
Calculate the highest common divisor of 665 and 3380005.
95
What is the highest common divisor of 3924325 and 49375?
1975
Calculate the highest common factor of 964170 and 3618.
54
What is the greatest common factor of 264005 and 1289456?
2779
Calculate the greatest common divisor of 23328 and 5253984.
2592
What is the greatest common divisor of 141540 and 20580?
420
Calculate the greatest common factor of 65796 and 4062.
6
What is the greatest common divisor of 3081 and 8093085?
39
Calculate the greatest common divisor of 895 and 217344.
1
What is the highest common factor of 201801 and 221940?
411
What is the greatest common factor of 1914192 and 112041?
1899
Calculate the highest common factor of 3 and 3175853.
1
What is the highest common factor of 42047355 and 75?
15
What is the greatest common factor of 722 and 4375624?
38
Calculate the greatest common divisor of 59933 and 529031.
73
What is the greatest common factor of 9534752 and 64?
32
Calculate the greatest common factor of 154064388 and 684.
228
Calculate the highest common divisor of 62543898 and 453.
453
Calculat